at is the tens digit of f?
9
Suppose 3*a - 15 = -2*t, 0*t - 5*t + 6 = -3*a. Suppose t + 5 = 2*g. What is the units digit of (-6 + 546)*2/g?
0
Suppose 3*v = 5*y - 42, 3*v - v - 38 = -4*y. Let w(i) = -5*i**2 + 132*i + 83. Let f be w(27). Suppose y*n + f*n - 451 = 0. What is the tens digit of n?
4
What is the thousands digit of 40793/11 + 504/924?
3
Suppose 17*h + 171 = 8*h. Let i = h - -94. What is the tens digit of i?
7
Let c(x) = 9*x + 26. Let y(l) = -l**2 - 3*l + 11. Let f be y(-6). Let t be c(f). Let d = t - -174. What is the tens digit of d?
3
Let m(q) = -4 + 337*q**2 + 16*q - 168*q**2 + 20 - 164*q**2. Suppose 4*f + 9 = -23. What is the tens digit of m(f)?
0
Let g(a) = a**2 - 3*a**2 - 9*a - 12 + a**2. Suppose 0 = f - 12*f - 55. What is the units digit of g(f)?
8
Let b be 184/115*(-2735)/(-4). Let k = b + -261. What is the tens digit of k?
3
Suppose 4*k - 13064 + 4144 = 0. Suppose 0 = -y - y - 2*c + 2230, k = 2*y - 4*c. What is the hundreds digit of y?
1
Suppose 5*c - 343 = -53. Suppose 4*h - 226 = -3*p + 6*h, -p = -5*h - c. What is the tens digit of p?
7
Let a(q) = -5*q**3 - 12*q**2 - 180*q - 467. What is the units digit of a(-11)?
6
Let f be 299/(9/(-6) + 2). Let a be 7/21 + f/6. What is the tens digit of (1 - 3) + -1 + a?
9
Let c(q) = 4*q**3 + 7*q**2 + 10*q + 47. Let k be c(9). Suppose -4*z + 8*z = k. What is the tens digit of z?
0
Suppose i - 194 = 3*i. Let t = 854 + -909. Let o = t - i. What is the units digit of o?
2
Suppose 0 = b - 3*h - 291, -5*b = 2*h - 1212 - 260. Suppose -3*o = -c - 0*c - 915, -4*c - b = -o. What is the tens digit of o?
0
Let a(u) = 12*u - 1 + 30 + 14. What is the tens digit of a(8)?
3
Let i(o) = 2*o**2 - 18*o + 4. Let w be i(9). Suppose -3*a + 862 = m, 844 = 5*m - w*m - 3*a. What is the tens digit of m?
5
Suppose 10*o = 3*v + 139976, -10*o + 11*o + 3*v = 13991. What is the thousands digit of o?
3
Let o = -149 + 152. What is the tens digit of ((-58)/o)/(38/(-12) - -3)?
1
Suppose -50042 = -3*l - 5*m, 3*l + 13*m - 6043 = 44031. What is the tens digit of l?
7
Let s(v) = v**3 - 85*v**2 - 201*v - 1399. What is the tens digit of s(88)?
4
Let n(l) = -6393*l**3 + 2*l**2 + 5*l + 2. What is the tens digit of n(-1)?
9
Suppose -81*n + 6201 = 3*h - 77*n, -2*n = 3*h - 6207. What is the tens digit of h?
7
Let n be (-1 + 0)*(-102)/(-2). Suppose z = 7 - 3, 5*w + 4*z - 636 = 0. Let a = w - n. What is the hundreds digit of a?
1
Let d(y) = -11*y**2 - 54*y + 1424. Let x(n) = 4*n**2 + 18*n - 475. Let v(z) = 3*d(z) + 8*x(z). What is the tens digit of v(0)?
7
Suppose -a - 313 = -3*p + 401, 3*a = -2*p - 2142. What is the tens digit of (a/(-12))/((-75)/(-18) + -4)?
5
Suppose 5*y - 25 = 4*v - 6*v, 0 = v + 2*y - 11. Suppose -648 = -m + l, -908 = -v*m - 2*l + 2332. What is the tens digit of m?
4
Let q = 116152 - 64759. What is the ten thousands digit of q?
5
Suppose 0 = 85*s - 27*s - 1698646. What is the units digit of s?
7
Let b = 527 - 505. What is the units digit of 44/242 + 10578/b?
1
Let a be (-3 - 3) + 2 - -28. Suppose -a + 36 = -6*x. What is the tens digit of (-16)/16*166/x?
8
Let y(d) = 1044*d + 1298. What is the thousands digit of y(10)?
1
Let h = 351 - 499. Let l = 588 + h. What is the hundreds digit of l?
4
Suppose 4*a = -0*a + 32. Suppose -m - 7 = -2*h, -14 + 20 = 2*h. What is the tens digit of (-2)/a*62*(m + -1)?
3
What is the thousands digit of (-4)/12 + (-8)/(-20) + (-107756)/(-60)?
1
Suppose -3*a - 39114 = -4*f, -60*f + 55*f + 48900 = -5*a. What is the thousands digit of f?
9
Let x(r) = -r**3 + 5*r**2 + 4*r + 14. Let y be x(6). Let g(w) = w**3 + w**2 - 4*w + 4. Let k be g(y). What is the tens digit of 1491/24 - k/64?
6
Let t = 27610 - 6730. What is the tens digit of t?
8
Suppose 4*j + 19612 = 5*l - 17616, -2*l - j + 14912 = 0. What is the units digit of l?
2
Let s(c) = -c**3 - 133*c**2 - 444*c - 398. What is the hundreds digit of s(-131)?
4
Suppose 2*n - 12*n - 280 = 0. Let u = -2 - -4. Let s = u - n. What is the units digit of s?
0
Suppose 42*i - 92239 - 373121 = -63*i. What is the tens digit of i?
3
What is the hundreds digit of (-4974)/((-21)/(-28) + ((-28)/8 - -2))?
6
Suppose -c = -2*w + 60041, 15*w - 16*w - 5*c = -30026. What is the ten thousands digit of w?
3
Suppose 3*y - 6192 = 3*b - 8*b, 5*b + 4153 = 2*y. What is the tens digit of y?
6
Let a be (-16)/24 + (-15)/(-9) + -2. What is the tens digit of 7/35 + 2738*a/(-10)?
7
Suppose 0 = 24*i - 33*i - 5319. Let h = -94 - i. What is the tens digit of h?
9
Let s(l) = 3*l**3 + 16*l**2 - 40*l - 32. What is the hundreds digit of s(7)?
5
Let b = -61 - -78. Suppose -21*d + 16 = -b*d. Suppose 0 = 3*m - r - r - 61, -d*m - 5*r + 112 = 0. What is the units digit of m?
3
Suppose 0 = -5*t - 5*v + 6*v + 24, t + 8 = -3*v. What is the hundreds digit of t + -1 - (-594 - -33)?
5
Let k(l) = 9*l**2 + 0 + 14*l**2 - 9*l - 18*l**2 - l**3 + 5 + 23*l. What is the units digit of k(4)?
7
Suppose 3*i = -4*w + 40679, 4*i + 40680 = 4*w + 8*i. What is the units digit of w?
9
What is the thousands digit of (-290)/26*-586 + 12/(-78) + 0?
6
Let o(x) = -7 + 14*x - 3 + 14*x - 2*x**3 - 11*x**2 + 34*x**2. Let w be o(18). What is the tens digit of -1 + -3 + 1 - w/26?
4
Let h(p) = p + 12. Let d = -24 - -16. Let w be h(d). What is the tens digit of w/14 + (-1705)/(-35)?
4
Let h(d) = -58*d + 1. Let j be h(3). Let k(z) = 40*z**2 - 82*z - 13. Let a be k(4). Let i = j + a. What is the tens digit of i?
2
Suppose 0 = 4*o - 438 - 1722. Suppose 4*u - 8*u + o = 0. What is the units digit of u?
5
Let l = 5 - 2. Suppose -3*y = -35*q + 37*q + 18, 5*y - 2*q = -46. What is the units digit of (l/(-4)*2)/(4/y)?
3
Suppose -8*s = -37*s + 145. Suppose 3295 = s*f - 5*m, -512 + 2488 = 3*f - 2*m. What is the units digit of f?
8
Let h(j) = 3*j**2 - 5*j - 23. Let x(k) = -3*k**2 + 5*k + 24. Let g(w) = 6*h(w) + 5*x(w). Let b be g(-5). Let z = b + -43. What is the units digit of z?
9
Suppose 0 = -9*n - 6*n + 10*n. Suppose -1 + 518 = 3*c - x, 5*c - 2*x - 860 = n. What is the tens digit of c?
7
Let f(o) = -2*o**2 - 173*o - 30. Let n be f(-20). Suppose -n = 18*k - 13088. What is the units digit of k?
1
Let w(k) = 243*k**2 - k - 4. Let y be w(2). Let a = y - 675. Suppose -a = -4*l + 137. What is the tens digit of l?
0
Let z(m) be the first derivative of -39*m**2 - 8*m + 124. What is the hundreds digit of z(-8)?
6
Let q be (32/(-20))/(-2 + (-324)/(-165)). Suppose q = 5*d - 6. What is the hundreds digit of (-5 + 66)/(2 - d/6)?
1
Let q be 6/(40/5 + -6). Let k = 1 - 1. Suppose 3*l = -h - 0*l + 53, -q*h - 2*l + 152 = k. What is the tens digit of h?
5
Suppose -f + 15 = 19. Let p be (-2)/13 + f*(-205)/260. Suppose -4*h + 63 = -5*s - 0*s, 0 = 3*h - p*s - 48. What is the units digit of h?
7
Suppose 5*c - 385 = 16*c. Let m = c - -178. What is the tens digit of m?
4
What is the units digit of 454074*(-23)/(-1104) + (-1)/(-8)?
0
Suppose -17*v + 18*v - 2058315 = -34*v. What is the hundreds digit of v?
8
Suppose 3 = -g, p - g - 3 = 3*p. Suppose -3*f - 580 = -5*f - i, -3*f + 2*i + 884 = p. What is the tens digit of f?
9
Suppose y - 4 = 0, 0 = -5*c - 4*y + 371 + 10. Suppose -75*n = -c*n - 1968. What is the units digit of n?
4
Suppose g - 30*g = -9*g. Let m be ((-10)/1)/(3/(-24)). Suppose -m = -u + 3*o, g*u - 5*u - 4*o = -400. What is the tens digit of u?
8
Let r(i) = 4617*i**2 - 913*i - 1829. What is the units digit of r(-2)?
5
Let u(f) = -383*f - 439. What is the units digit of u(-18)?
5
Suppose -5133 = -65*u + 36*u. What is the hundreds digit of u?
1
Suppose 54249 = 5*a + o, -9*a + 4*a - 2*o + 54248 = 0. What is the tens digit of a?
5
Let y = 1069 - 653. Suppose 0 = -6*r + 2*r + y. Suppose 336 + r = 4*x. What is the units digit of x?
0
Let j(t) = -11*t - 10 - 8*t - 7*t - 2 + t. What is the units digit of j(-1)?
3
What is the units digit of 52984/7 - -7*(-3)/147?
9
Let a = -1003 + 3628. Suppose -3*n - v + 3*v = -a, v = -3*n + 2634. What is the tens digit of n?
7
Suppose -6*x + 11*x - 27045 = 0. What is the hundreds digit of x?
4
Suppose -4*h - 20692 = -4*n, 0*n + 10304 = 2*n + 5*h. What is the hundreds digit of n?
1
Suppose t - 8 = -14. Let f be 2 + (-12)/(-8)*t. Let p(z) = -15*z + 13. What is the hundreds digit of p(f)?
1
Suppose 0*t + 7*t = 14. Suppose 15 = 3*f, 0 = 5*b - 7*f + t*f - 1870. What is the tens digit of b?
7
Let z(s) = -2*s**2 + 3 + 4*s + 2